rue
Is 444 a factor of 44840453?
False
Is 8506596 a multiple of 42?
True
Is 327081821 a multiple of 18?
False
Does 343 divide 825057002?
True
Does 22 divide 3204234?
True
Does 15 divide 96224487?
False
Is 10 a factor of 2642385940?
True
Is 993589956 a multiple of 27?
True
Is 1084911462 a multiple of 27?
True
Does 30 divide 4527473910?
True
Does 7 divide 12402802?
False
Does 312 divide 25869168?
True
Does 227 divide 1696469291?
True
Does 42 divide 547264116?
True
Does 841 divide 150788777?
True
Does 15 divide 691221616?
False
Does 1778 divide 364790482?
True
Does 28 divide 11225256?
True
Is 45 a factor of 19758114?
False
Is 376 a factor of 80994222?
False
Does 754 divide 23410946?
True
Is 159 a factor of 7979424?
False
Is 37020137 a multiple of 6?
False
Is 67339937 a multiple of 5?
False
Does 12 divide 673930931?
False
Is 100 a factor of 4164752500?
True
Is 8 a factor of 6321925?
False
Is 1966982986 a multiple of 13?
False
Is 626105942 a multiple of 5?
False
Is 3291 a factor of 111907164?
True
Is 384964272 a multiple of 504?
True
Is 411350548 a multiple of 478?
True
Is 364732456 a multiple of 67?
True
Does 144 divide 43828848?
True
Does 2034 divide 45701946?
True
Is 990848741 a multiple of 29?
False
Is 7 a factor of 1297643?
False
Is 1000 a factor of 15640594?
False
Is 40760320 a multiple of 190?
True
Is 2929 a factor of 336454230?
True
Is 209 a factor of 135251621?
False
Is 47 a factor of 6754229?
True
Is 1482 a factor of 2503098?
True
Is 181997809 a multiple of 1665?
False
Is 1833303 a multiple of 2344?
False
Is 193396542 a multiple of 43?
True
Is 57388667 a multiple of 4?
False
Is 8 a factor of 16917920?
True
Is 53 a factor of 22370338?
False
Is 3944598 a multiple of 1338?
False
Is 34144443 a multiple of 12?
False
Does 297 divide 140951540?
False
Does 5463 divide 1265694132?
False
Does 694 divide 41911354?
True
Is 248263497 a multiple of 944?
False
Is 39264339 a multiple of 17?
True
Is 96432874 a multiple of 1263?
False
Is 441200466 a multiple of 118?
True
Is 483 a factor of 73636345?
False
Is 4276027 a multiple of 47?
False
Is 158 a factor of 150488754?
False
Does 13 divide 9708244?
True
Is 3220346745 a multiple of 315?
True
Does 3480 divide 760018080?
True
Is 175837163 a multiple of 70?
False
Does 21 divide 865338747?
True
Is 4 a factor of 46387304?
True
Is 161854105 a multiple of 5?
True
Is 16 a factor of 254485131?
False
Is 21685775 a multiple of 5?
True
Does 1178 divide 89665826?
True
Is 5672 a factor of 1844386928?
True
Is 1611999937 a multiple of 23?
False
Does 804 divide 20764104?
True
Is 1549 a factor of 335950218?
True
Is 189766299 a multiple of 29?
False
Does 58 divide 292844324?
False
Does 2576 divide 226751374?
False
Is 37 a factor of 583837350?
False
Is 2199437550 a multiple of 1990?
True
Is 23 a factor of 6837264?
False
Is 749503616 a multiple of 2542?
True
Does 122 divide 20171968?
True
Does 171 divide 1218642502?
False
Is 187 a factor of 32633704?
False
Is 11 a factor of 22015554?
True
Is 20 a factor of 16935228?
False
Is 320 a factor of 18876206?
False
Is 14562982 a multiple of 86?
True
Does 8 divide 82394164?
False
Is 96128819 a multiple of 11?
False
Does 1436 divide 22981744?
True
Is 11566424 even?
True
Does 76 divide 200410176?
True
Does 10 divide 652284810?
True
Is 351417412 a multiple of 459?
False
Is 758 a factor of 23788104?
False
Does 226 divide 62166724?
True
Does 45 divide 242028945?
True
Does 21 divide 198667707?
True
Does 182 divide 174083137?
False
Is 14 a factor of 87326376?
False
Is 4 a factor of 618919813?
False
Is 753374960 a multiple of 412?
True
Is 199 a factor of 154273556?
True
Does 27 divide 615854004?
False
Does 11 divide 3904249877?
True
Does 62 divide 1357996007?
False
Is 45 a factor of 457946751?
False
Is 5 a factor of 23512355?
True
Is 7181736 even?
True
Is 9 a factor of 417907269?
True
Does 65 divide 12960191?
False
Does 33 divide 4828163?
False
Does 13 divide 701777375?
True
Is 530 a factor of 1856017600?
True
Does 342 divide 52674076?
False
Does 385 divide 13011375?
False
Does 216 divide 41348232?
True
Is 4450123177 a multiple of 12601?
False
Is 65551136 a multiple of 812?
True
Is 6 a factor of 9632638?
False
Does 60 divide 411301275?
False
Is 384683026 a multiple of 1274?
True
Is 113 a factor of 74594123?
False
Is 157 a factor of 100317970?
False
Does 26 divide 381145830?
True
Is 4667 a factor of 5765717643?
False
Does 637 divide 83499932?
False
Is 195 a factor of 2563470?
True
Is 30 a factor of 151965240?
True
Is 113 a factor of 39900646?
False
Is 172026160 a multiple of 297?
False
Does 544 divide 165349421?
False
Is 1830477961 a multiple of 4871?
True
Is 331 a factor of 3163032707?
False
Is 70530326 a multiple of 659?
False
Is 216 a factor of 38745134?
False
Does 55 divide 328334875?
True
Is 1474274 a multiple of 662?
True
Is 620248696 a multiple of 206?
True
Is 20072512 a multiple of 32?
True
Is 94047910 a multiple of 110?
True
Is 43 a factor of 54772934?
False
Does 5 divide 46425601?
False
Is 13484622 a multiple of 4934?
True
Is 1052800357 a multiple of 7?
True
Is 3914190 a multiple of 218?
True
Is 569 a factor of 157535069?
False
Does 2289 divide 431184415?
False
Is 98 a factor of 1501908016?
True
Does 511 divide 86488660?
False
Is 13571 a factor of 4215763295?
True
Is 104 a factor of 30821990?
False
Does 344 divide 1144968369?
False
Is 14987918 a multiple of 2?
True
Does 8 divide 588890261?
False
Does 12 divide 4143240156?
True
Does 11235 divide 436641000?
False
Is 149603232 a multiple of 472?
True
Does 2209 divide 33077773?
False
Is 11 a factor of 14006443?
True
Is 2292 a factor of 92214944?
False
Is 6 a factor of 882667026?
True
Is 3742 a factor of 111002688?
True
Is 926606592 a multiple of 2318?
True
Is 1859 a factor of 1928087634?
False
Is 13671371 a multiple of 7?
True
Is 3573 a factor of 227192778?
True
Is 34 a factor of 4395579503?
False
Does 12 divide 819615540?
True
Is 482561395 a multiple of 1051?
True
Is 381416000 a multiple of 16?
True
Is 58 a factor of 161431922?
True
Is 258686254 a multiple of 12?
False
Is 98758712 a multiple of 1603?
False
Is 3205 a factor of 742656190?
True
Is 399 a factor of 196115682?
True
Is 2866383477 a multiple of 1341?
True
Is 47380752 a multiple of 48?
True
Does 218 divide 109734442?
True
Is 174 a factor of 61411386?
True
Does 11 divide 192378241?
True
Is 1264887518 a multiple of 22?
False
Does 20 divide 9593140?
True
Is 577738337 a multiple of 1259?
False
Is 31 a factor of 34477207?
False
Does 98 divide 146965700?
True
Does 98 divide 355070856?
True
Is 446 a factor of 272621070?
False
Is 26947773 a multiple of 11?
False
Is 297 a factor of 1870511341?
False
Is 256 a factor of 990127?
False
Is 21328100 a multiple of 1243?
False
Is 4450146529 a multiple of 14?
False
Does 17 divide 4650280996?
False
Does 1916 divide 21873056?
True
Does 1223 divide 15206184?
False
Does 2 divide 490234930?
True
Does 20 divide 328651983?
False
Does 3 divide 60664071?
True
Does 56 divide 10743609?
False
Is 6 a factor of 82862820?
True
Is 1293 a factor of 228858414?
True
Is 86 a factor of 623892246?
True
Is 86284343 a multiple of 24?
False
Is 3629 a factor of 945452483?
True
Is 14127800 a multiple of 192?
False
Is 2458690833 a multiple of 282?
False
Is 419739628 a multiple of 31?
True
Is 1044497618 a multiple of 6814?
True
Is 202095212 a multiple of 7199?
False
Is 659 a factor of 5164307538?
True
Is 356132 a multiple of 7?
True
Does 15 divide 232735635?
True
Is 364427424 a multiple of 162?
True
Is 10930569 a multiple of 1209?
True
Is 23 a factor of 1412533385?
True
Is 20445977 a multiple of 2?
False
Is 23629521 a multiple of 36?
False
Is 2740351905 a multiple of 2525?
False
Does 8 divide 78161088?
True
Does 6 divide 347068044?
True
Is 1735813741 a multiple of 646?
False
Does 537 divide 381621217?
False
Is 80 a factor of 33067747?
False
Does 98 divide 66998581?
False
Is 24 a factor of 38110776?
True
Is 597452115 a multiple of 237?
True
Is 592 a factor of 1222027475?
False
Is 1699 a factor of 28989235?
False
Does 56 divide 3055566864?
True
Is 27 a factor of 25537825?
False
Is 356 a factor of 347690864?
False
Is 9853361 a multiple of 79?
False
Does 16 divide 542857296?
True
Does 27 divide 11112903?
True
Is 2018230967 a multiple of 472?
False
Does 4 divide 11383477?
False